n base 9, what is -125543 - 2?
-125545
In base 9, what is 0 - 481?
-481
In base 10, what is -2 + 58395?
58393
In base 13, what is b4 + 17c0?
18a4
In base 5, what is 10 + -10042033?
-10042023
In base 13, what is 30 + -33a0?
-3370
In base 8, what is 107 + 1201?
1310
In base 13, what is 1 - -b8135?
b8136
In base 2, what is 1011 - -1000111011001111?
1000111011011010
In base 9, what is -4 - -253108?
253104
In base 8, what is 1 - 342142?
-342141
In base 5, what is 1344 - -223110?
230004
In base 2, what is -1010101111 - -1101?
-1010100010
In base 4, what is -10013 + 32123?
22110
In base 11, what is 2 - -23686?
23688
In base 8, what is 7644712 - -3?
7644715
In base 7, what is 1511300 + -5?
1511262
In base 2, what is 110000 - 10010101110100?
-10010101000100
In base 9, what is -172 - -6082?
5810
In base 4, what is -100103 + -12?
-100121
In base 7, what is 2 + 115230?
115232
In base 5, what is -4 + 42440032?
42440023
In base 2, what is -101 + -111111110101?
-111111111010
In base 15, what is 13 + -14b71?
-14b5d
In base 9, what is -434271 + 3?
-434267
In base 6, what is 5312 - 1315?
3553
In base 2, what is -1000100101101 + 10011?
-1000100011010
In base 16, what is -2f - 59e?
-5cd
In base 4, what is -13 + 23222203?
23222130
In base 5, what is 111 - -110?
221
In base 7, what is -2415 - 20336?
-23054
In base 6, what is -4014542 + -12?
-4014554
In base 8, what is -6773 - 172?
-7165
In base 9, what is 51 - 141?
-80
In base 4, what is -202333 - -3233?
-133100
In base 14, what is 653 - -a91?
1304
In base 15, what is -132b + 5e?
-12bc
In base 10, what is 0 - -203745?
203745
In base 10, what is -16546 + -5?
-16551
In base 4, what is -10 + -113221130?
-113221200
In base 12, what is -5b84 + -a?
-5b92
In base 5, what is -10133 + -3044?
-13232
In base 3, what is 2 + 1022211201011?
1022211201020
In base 15, what is -166 + -293c?
-2aa3
In base 11, what is -5 + 18553?
18549
In base 8, what is 75 - 12232?
-12135
In base 15, what is -14 + -a8?
-bc
In base 15, what is -1c - -31e?
302
In base 3, what is 21022211 - 100?
21022111
In base 4, what is 121 + -23203330?
-23203203
In base 11, what is -168750 + 0?
-168750
In base 2, what is 1000101000 + 1101110100?
10110011100
In base 12, what is -ba386 - -2?
-ba384
In base 9, what is 5 - -132557?
132563
In base 16, what is 487bcf - -1?
487bd0
In base 3, what is 12010 + -10001120?
-2212110
In base 12, what is -421 - -76?
-367
In base 3, what is -10000101 + -10200?
-10011001
In base 4, what is -200 - -103301?
103101
In base 6, what is -1235 + -30?
-1305
In base 14, what is -d7a + -1?
-d7b
In base 16, what is 176 - 295?
-11f
In base 2, what is -101101110100 - -10101?
-101101011111
In base 4, what is -201 + -10232213?
-10233020
In base 11, what is 6511 + a?
6520
In base 8, what is -364 + 16307?
15723
In base 10, what is 4 - 53868?
-53864
In base 5, what is 2212 - -22?
2234
In base 2, what is 1000101110001 + 1?
1000101110010
In base 11, what is 3 - 959a?
-9597
In base 16, what is 6c0c - -23?
6c2f
In base 9, what is 37 - -467?
515
In base 8, what is 261 + 700?
1161
In base 15, what is 309 + a7?
3b1
In base 10, what is -413870 + -2?
-413872
In base 7, what is 4124160 + 2?
4124162
In base 4, what is 101 + -1001232?
-1001131
In base 13, what is 12ab - 5b2?
9c9
In base 3, what is -1 - 1100001202200?
-1100001202201
In base 12, what is 478ab6 + 4?
478aba
In base 12, what is -425169 + 2?
-425167
In base 15, what is -6 - 1179c?
-117a3
In base 10, what is 1275 + -805?
470
In base 13, what is 76 - 94?
-1b
In base 6, what is 4 - 1005211?
-1005203
In base 12, what is 73b - -136?
875
In base 2, what is 10110001101011 + 100011?
10110010001110
In base 12, what is 13a74 - 3?
13a71
In base 12, what is -3 + -50?
-53
In base 4, what is -2001120332 + 2?
-2001120330
In base 5, what is 1202 + 214?
1421
In base 13, what is -232 + -84a?
-a7c
In base 15, what is 1dab40 + 0?
1dab40
In base 10, what is 5 + -3642?
-3637
In base 8, what is 17 + -101044?
-101025
In base 11, what is -193a47 - 5?
-193a51
In base 14, what is 1cb6 - 15?
1ca1
In base 4, what is 312112132 - 0?
312112132
In base 2, what is -101 + 1010110100010100?
1010110100001111
In base 3, what is 1120202120 + -102?
1120202011
In base 12, what is -42ba + 2a?
-4290
In base 10, what is -200493 - 0?
-200493
In base 10, what is -30128 - -1?
-30127
In base 16, what is 5 - -4f7f?
4f84
In base 2, what is 0 + 100100000011001?
100100000011001
In base 4, what is 200331222 - 0?
200331222
In base 5, what is 101342 + -303?
101034
In base 14, what is a866 - 5?
a861
In base 12, what is -438b3 + 1?
-438b2
In base 8, what is 3 + -22110?
-22105
In base 5, what is 333 - -142020?
142403
In base 14, what is 2b6 - 338?
-62
In base 5, what is 4042 + 1112?
10204
In base 3, what is 11012200 + 10020?
11022220
In base 8, what is 6 - -261370?
261376
In base 7, what is 6112 - 16?
6063
In base 8, what is -14247 - -27?
-14220
In base 14, what is 2 + -9ac77?
-9ac75
In base 6, what is -1 - -101310?
101305
In base 3, what is -100121 - 12220?
-120111
In base 10, what is 3 + 64424?
64427
In base 11, what is -4 + -a181?
-a185
In base 10, what is 9 + -1176?
-1167
In base 6, what is 1144 - -21?
1205
In base 16, what is -d27c - -15?
-d267
In base 10, what is 1 + 979949?
979950
In base 4, what is 1011 - 30320?
-23303
In base 14, what is 345 + -632?
-2cb
In base 9, what is -1420 - -41?
-1368
In base 10, what is -1790 + 646?
-1144
In base 11, what is 12488 + 34?
12511
In base 3, what is 11 - -22011012?
22011100
In base 2, what is -101 - 1010010110111?
-1010010111100
In base 10, what is 1770 + 13?
1783
In base 15, what is -9ce - -56?
-978
In base 16, what is 4 - -297b?
297f
In base 16, what is -2d87 - 4?
-2d8b
In base 5, what is 31223 + 12?
31240
In base 11, what is 1 - 276?
-275
In base 8, what is -14076 + 36?
-14040
In base 13, what is cabb4 + 3?
cabb7
In base 6, what is 21354014 - -5?
21354023
In base 9, what is 1 + -1467607?
-1467606
In base 13, what is 8 + -3a?
-32
In base 6, what is 431015 + 5?
431024
In base 6, what is -132 + 244?
112
In base 2, what is 11 + -110100100000?
-110100011101
In base 4, what is -10101 + 30321?
20220
In base 11, what is -27 - 1646?
-1672
In base 8, what is 0 - -255773?
255773
In base 11, what is -3 + -8450?
-8453
In base 11, what is 5 + 90383a?
903844
In base 10, what is 32136 - -38?
32174
In base 2, what is -11000 - -1010101110?
1010010110
In base 7, what is 2 + 311230?
311232
In base 14, what is -192 + -26?
-1b8
In base 14, what is -8 + 300a9?
300a1
In base 11, what is -255a3 + 69?
-25535
In base 8, what is -14 + -3467?
-3503
In base 15, what is 1 + -6bec?
-6beb
In base 6, what is 0 + -543122?
-543122
In base 7, what is -141 + 10361?
10220
In base 16, what is 6c75 - 1a?
6c5b
In base 2, what is 111011011100011 - 10001?
111011011010010
In base 14, what is 4 - 14859?
-14855
In base 12, what is -4a + -43?
-91
In base 10, what is 236 + 4?
240
In base 7, what is -4362332 - -2?
-4362330
In base 15, what is -5 + -c6ca?
-c6d0
In base 16, what is 35d - -f?
36c
In base 3, what is 10221222120 + -1001?
10221221112
In base 8, what is 46754 + -3?
46751
In base 10, what is 6 + -717?
-711
In base 4, what is -1211001221 + -10?
-1211001231
In base 8, what is 2 + -352150?
-352146
In base 6, what is 5 - 22534?
-22525
In base 5, what is -314032130 - -3?
-314032122
In base 16, what is -52 - 375?
-3c7
In base 12, what is -2a362 - 2?
-2a364
In base 14, what is -908 + -59?
-963
In base 9, what is 21 - -5801?
5822
In base 4, what is -1300 + 3311?
2011
In base 12, what is -793 + -3?
-796
In base 11, what is -238 + -1130?
-1368
In base 13, what is -1162 - -12?
-1150
In base 8, what is 10727 - 42?
10665
In base 2, what is 110111 + -1001100110100?
-1001011111101
In base 15, what is 2b70 + 35?
2ba5
In base 16, what is -b + -bf1?
-bfc
In base 2, what is 10100111100 + -110?
10100110110
In base 11, what is 2757 + 0?
2757
In base 11, what is -2305 + 41?
-2274
In base 11, what is 22a057 + -3?
22a054
In base 3, what is -120 + 202002?
201112
In base 13, what is 14cba45 - -4?
14cba49
In base 16, what is -3ea4 - -38?
-3e6c
In base 12, what is 0 + -20634?
-20634
In base 13, what is -4 - 997c?
-9983
In base 3, what is -10 - -201011021?
201011011
In base 16, what is 292 - 3?
28f
In base 8, what is -21 + 267305?
267264
In base 7, what is 11 - 1030?
-1016